What is the value of 3 - (-1 - (3 - (3 + 3)))?
1
8 + -7 + -8 + 3
-4
Calculate (0 - -2 - -6) + -2.
6
What is the value of (4 - 1) + (-3 + 4 - -1)?
5
(0 - 4) + (-15 - -20)
1
Calculate (26 - 23) + (4 - 2).
5
What is -1 - (2 - (-5 - (-2 - 0)))?
-6
What is -3 - (-3 + (-3 - -3) - 4)?
4
Evaluate 0 + -10 - (86 + -93).
-3
Evaluate (-1 - 2) + 8 - (-9 - -6).
8
4 - (6 - -4) - (-14 + 14)
-6
2 - (1 + -1) - (133 - 131)
0
Calculate 2 - (-1 + (-4 - -3 - -1)).
3
What is -3 - (-4 + 4 + -5)?
2
Evaluate -2 + 3 + (0 - -5) + -1.
5
Calculate -1 + (-3 + -4 + 9 - 5).
-4
Evaluate (2 - 0) + (-23 - -19 - 2).
-4
(1 + 0 - 2) + 2
1
Calculate 10 + -7 + 1 + -8 + 2.
-2
What is the value of -10 - (-4 + (6 - 2) - 5)?
-5
Calculate 7 - (7 - (9 - 9)).
0
What is 0 - (-2 - -5) - (7 + -5)?
-5
Calculate -6 - (-7 + 0) - 7.
-6
What is (-3 + 0 - -9) + -1 + 1?
6
What is the value of 0 - ((-9 - -4) + 1 - 2)?
6
What is -1 - (-6 - -4 - (1 - 5))?
-3
What is the value of 4 + 2 + -12 + (3 - -2)?
-1
Evaluate 0 + 4 - (3 - (3 - 2)).
2
Evaluate 10 + -23 + (-14 - -18).
-9
Calculate (1 - 9) + (-9 - -12).
-5
4 + (-5 - -4) + -2 + 4
5
Calculate 6 - (2 + (4 - (-2 + -2))).
-4
Calculate -6 + 0 + (2 - -1).
-3
What is the value of -2 + 7 - (13 + -5)?
-3
16 - (3 + (-7 - -15))
5
0 - (-1 - -3 - 1 - -1)
-2
What is -9 + (19 - 12) + -3 + 8?
3
What is the value of (-6 - (-10 - -8)) + (5 - 1)?
0
What is the value of (-7 - (-8 + 4)) + 3 + 1?
1
What is the value of -1 - 1 - (2 - 1)?
-3
What is the value of 4 + -5 - -4 - (9 + -1)?
-5
0 + 6 - (59 + -50)
-3
-12 + -1 + (-329 - -346)
4
-7 - (-8 + -11 + 6)
6
Evaluate -3 + 4 + 3 + (1 - 1).
4
What is -5 + (3 + 2 - (-1 - -5))?
-4
Calculate 2 - (10 - (4 + -1)).
-5
Calculate (24 - 29) + (-2 - -3).
-4
Calculate 1 + -1 - (2 - (-2 - -3)).
-1
Evaluate 2 + -1 + 1 + (0 - 5).
-3
Calculate (-4 - -8 - 0) + -6 + 3.
1
Calculate 5 - 8 - -12 - 6.
3
Evaluate -2 + 11 + -6 + -6.
-3
What is the value of 9 + -10 + 1 + 1?
1
What is -2 + (4 - 2) - -2?
2
Evaluate 1 - ((-2 - -3) + 0 - 0).
0
Calculate 1 + (-4 - (1 + -2)) + 4.
2
Evaluate 3 + (-5 - -2 - -5).
5
3 + -3 + 5 - 10
-5
What is -2 + (-5 + (-2 - -6) - -2)?
-1
What is (1 + 6 - 2) + -2 + 2?
5
What is 2 - (-3 + -2) - 3?
4
What is the value of -6 + 1 + 20 + -24?
-9
What is the value of -7 + (0 - (2 - 0) - -5)?
-4
What is the value of -7 - ((-3 - -10) + -9)?
-5
-1 - (-8 + -1) - (68 - 66)
6
Evaluate (-7 - (2 + -12)) + -11 + -2.
-10
Evaluate 0 + 9 + -4 + 0.
5
What is the value of -11 + (1 - (-2 - 3))?
-5
What is 5 + (-16 + 7 - -5) - 8?
-7
10 + -2 + -6 - 1
1
-2 - (-24 + 11 - -3)
8
(1 - 1) + 2 + (-3 - -3)
2
Calculate 1 + 6 - 9 - -6.
4
Evaluate 1 - ((5 - 2) + -6).
4
What is (-2 + 12 - 4) + (0 - 2)?
4
What is the value of 41 - 36 - (1 + 2 + 2)?
0
What is the value of 1 - 2 - (-17 - -13)?
3
Calculate -17 - -16 - (1 + -2 - -1).
-1
What is (-18 + 11 - 5) + (5 - -1)?
-6
Calculate -8 - (-1 - (-2 + 4)).
-5
Calculate 1 + -2 - 2 - (1 - 8).
4
What is 0 - 0 - (-3 - 0 - -2)?
1
Calculate 2 + 0 + 1 + 2 + 0.
5
Calculate 0 + 1 + -3 - 1.
-3
Calculate 6 - (6 - (4 + 1)).
5
Evaluate (2 - 0) + (1 - (-1 - -3)).
1
What is the value of -5 + 2 + 0 - (-1 - 1)?
-1
Calculate -2 + 6 + -7 + 6 + -2.
1
Evaluate -6 + 14 + -6 - (-2 - -2).
2
Evaluate -5 + (-16 - -19 - (3 - 7)).
2
Evaluate -7 - (2 + (-8 - -1)).
-2
4 - (4 + 7 + -3 + -4)
0
-4 - (-4 - (3 + -3 - 3))
-3
What is the value of 2 - (-4 + 6 - (-3 + 0))?
-3
Calculate -3 + -7 + (-3 - -11) + 2.
0
What is 3 - ((1 - 5) + 4)?
3
What is 0 + (-2 - -3 - -1)?
2
2 + (1 - -2) + -3 + 1
3
Evaluate -4 + 1 + 0 + 185 + -185.
-3
What is the value of (-5 - -3) + 7 + -7?
-2
Evaluate 2 - ((2 - 6) + (24 - 12)).
-6
Evaluate 7 + (-3 - (-2 - -3)).
3
What is the value of 1 - 0 - (0 - (0 - 3))?
-2
What is the value of 0 + -5 + 13 + -5?
3
What is (40 - 46 - (-6 - 1)) + 2?
3
Calculate 6 + 1 + -7 - -11 - 3.
8
(-13 - -4 - -11) + -1
1
-1 - 2 - (-4 + -5 - -1)
5
Calculate -9 + (-7 - -12) - (-2 + 0).
-2
What is -6 + 1 + (5 - 6 - -5)?
-1
What is the value of 1 + (-4 - -3) + (-5 - -6)?
1
What is 166 + -179 - (-1 - 20)?
8
Evaluate -6 - ((-8 - -10) + 6 + -25).
11
What is the value of (-3 - (2 + -5 + 0)) + 3?
3
11 - 10 - (6 + -3)
-2
-5 + (1 - -15) - (5 + 0)
6
What is the value of -3 + (-3 - -9 - 4)?
-1
42 + -43 - (2 + 0)
-3
What is -4 + 0 + -2 - -4 - -5?
3
What is the value of 3 - -5 - (1 + (4 - 2))?
5
Calculate 2 - -4 - 2 - 7.
-3
Evaluate (-1 - -5 - (34 - 34)) + -4.
0
What is the value of (1 - -3) + (-6 - (11 - 18))?
5
Calculate -4 - (-1 + (-3 - 1) + 2).
-1
2 + -7 - (10 - 16)
1
Calculate -1 + -4 - (8 + -10).
-3
Calculate (0 - 1 - -8) + (-5 - -2).
4
Calculate -7 + 8 + 3 + (1 - 0).
5
Evaluate -3 + 2 - (3 + 0 - 0).
-4
Evaluate (-3 - ((-4 - 1) + -2)) + 0.
4
Calculate -5 + (-6 - -8) + (6 - 1).
2
What is 12 + (-9 - -10) + -8?
5
Calculate -1 + -5 - (28 + -24).
-10
Evaluate -2 - (-4 + (-4 - -3)).
3
What is (-4 + 1 - -6) + 1?
4
Calculate -5 - (-11 - (-5 + 10 + -3)).
8
Calculate (2 - (6 - 6)) + -3 + 7.
6
What is the value of 8 + -8 - (13 + -15)?
2
Calculate 3 + -10 - (-6 - -4).
-5
What is the value of -8 - (-7 + -5 - -4)?
0
What is the value of 4 - (4 - (4 + -2))?
2
What is the value of -8 - ((2 - -2) + -11)?
-1
What is the value of 4 + (-5 - -5) + -6?
-2
Evaluate -2 + 2 + 0 + -1.
-1
Calculate (31 - 34) + (-1 - -2 - 2).
-4
-11 - -6 - (1 + 1 + -10)
3
Evaluate (-4 - -12) + 1 - 8.
1
9 + 3 + -11 + 7
8
2 + 3 + 4 + -2
7
What is -2 + (1 - (-9 - -3))?
5
Calculate 9 + -7 + -4 + 4 + 3.
5
What is -2 - 1 - (4 + -4 + -1)?
-2
(-3 - -3) + 3 + -3 + 4
4
(-23 - -22) + -1 + -1 + 3
0
Calculate -7 + 12 + -4 + (0 - 1).
0
What is the value of (-2 - 3) + -2 + 8?
1
Calculate -8 + 10 + (-5 - -1).
-2
Calculate (-5 + -5 - -2) + 6 + -3.
-5
What is -2 + 5 + -1 - (6 - 1)?
-3
What is -3 - (-9 + 12) - -14?
8
What is the value of -2 + 1 - -2 - (-13 + 8)?
6
Calculate -11 - -1 - ((4 - 16) + 5).
-3
Calculate -5 - (-1 + -5 + 7 + -5).
-1
What is the value of (-2 - (-6 + 1 + 0)) + -6?
-3
Calculate -2 + (1 + 0 - -4).
3
What is the value of -1 + -1 + 143 + -144?
-3
What is 0 + (0 - -5) - 9?
-4
0 + (1 - -1 - (-1 + 3))
0
Calculate 5 + 0 + 1 + (-2 - 2).
2
Calculate (26 - 23) + -7 + 1.
-3
What is the value of -12 + 5 - (-11 + -3)?
7
Evaluate -9 + (11 - (8 + 0)).
-6
7 + -5 + (-6 - -7)
3
Evaluate 54 + -53 - (-2 - 4).
7
Calculate -8 + (-3 + 0 - -18).
7
Evaluate 7 + (4 + -7 - -1) - 12.
-7
What is the value of -3 + 14 - 2 - 4?
5
What is the value of -1 - 8 - (67 - 71)?
-5
(-1 - -2 - 3) + 3 + -2
-1
What is 1 + 4 + -2 + -3?
0
Calculate (-2 + 3 - (8 - 6)) + 4.
3
What is the value of 1 - -1 - (1 - (2 + -1))?
2
What is the value of 4 + 0 + (1 - 4) - 3?
-2
Calculate 6 + 1 + (0 - 5).
2
What is (10 - 2) + (5 - 11 - -3)?
5
Calculate 3 - (-5 + 0 + 6).
2
What is 1 + 5 + -6 + 1?
1
Evaluate (-9 - -2) + 0 + 5.
-2
0 - (-2 + (-4 - -8) + 2)
-4
Calculate 10 - (-7 - -25 - 5).
-3
Evaluate (-2 + 6 - -7) + -17.
-6
Evaluate 14 + 0 + (4 - 28).
-10
What is the value of 0 - -5 - -9 - 12?
2
-1 - -6 - (3 - (1 - -1))
4
Evaluate -2 + 0 - (-12 + 8).
2
Evaluate -6 - (2 - (-1 - (-6 - -1))).
-4
What is the value of -67 - -82 - (10 + 1)?
4
What is the value of -5 - (3 - -2 - (3 - -1))?
-6
Evaluate 0 + (1 - -2) - (8 + -2).
-3
Calculate -2 - (3 + -1 + -8 + 9).
-5
(7 + 4 - 4) + -6
1
What is the value of -9 - (8 + (-3 - 13))?
-1
What is 42 + -46 - (1 + 1)?
-6
What is -1 - (-1 + (-5 - (-5 + -2)))?
-2
0 - ((8 - 0) + -14)
6
-1 + -1 + -3 - -2
-3
Calculate (-7 + -2 - (-3 + -1)) + -1.
-6
(15 - 23) + 4 + (8 - -1)
5
(-7 - 1) + (19 - 14)
-3
Calculate -9 + (1 - -9) + (-13 - -3).
-9
What is the value of -2 + (2 + (7 - 5) - 0)?
2
Evaluate 2 + -1 + (-1 + 1 - 3).
-2
What is 10 + (-2 - 1) - (0 + 3)?
4
What is 7 - (-11 - -16) - 6?
-4
What is the value of -23 - -25 - (7 - 0)?
-5
What is the value of (-6 - -1) + (0 + -3 - -4)?
-4
Calculate -4 + (-3 - (2 - (14 + -5))).
0
What is 3 + (5 - 7 - -2)?
3
Evaluate 2 - ((9 - 15) + (-1 - -4)).
5
Calculate -1 - -7 - (4 + 0).
2
3 + -3 - (3 - (-3 - -6))
0
What is (-1 - -1 - -3) + -7?
-4
What is (2 - -2) + 3 - 10?
-3
Calculate 7 + -9 + (-1 - (-2 - 0)).
-1
Calculate 8 + (-6 - (1 - 2)).
3
Evaluate (-3 - 1) + 42 + -40.
-2
Calculate -8 + 6 + 4 + 2 + -4.
0
Evaluate -3 + 4 - ((-2 - -4) + -1).
0
What is 11 + -11 - (-2 + 1)?
1
Evaluate 1 + (-2 - -6) + -6.
-1
What is (7 - (3 + -4)) + -14?
-6
Calculate -23 + 18 + (-3 + 4 - 3).
-7
Evaluate -11 + -13 + 17 - (-